{"id":227,"date":"2022-09-26T13:50:07","date_gmt":"2022-09-26T13:50:07","guid":{"rendered":"https:\/\/waterbull.si\/?page_id=227"},"modified":"2024-08-20T11:28:59","modified_gmt":"2024-08-20T11:28:59","slug":"vpojna-pregrada-waterbull","status":"publish","type":"page","link":"https:\/\/waterbull.si\/index.php\/vpojna-pregrada-waterbull\/","title":{"rendered":"Vpojna pregrada WaterBull"},"content":{"rendered":"\n<p>Protipoplavne vpojne pregrade WaterBull zagotavljajo u\u010dinkovito re\u0161itev za za\u0161\u010dito pred poplavami in po\u0161kodbami, ki jih povzro\u010di voda. Ko pregrade absorbirajo vodo narastejo ter\u00a0 zadr\u017eijo in preusmerijo vodo. Pregrade lahko polo\u017eimo eno na drugo in tako pove\u010damo vi\u0161ino za\u0161\u010dite.<\/p>\n\n\n\n<p>Vpojne pregrade WaterBull za prepre\u010devanje vdora vode izdelujemo v dveh dol\u017einah 150 cm in 300 cm in vi\u0161ine cca 9 cm.<\/p>\n\n\n\n<div class=\"wp-block-columns\">\n<div class=\"wp-block-column\" style=\"flex-basis:100%\">\n<figure class=\"wp-block-gallery aligncenter has-nested-images columns-3 is-cropped\">\n<figure class=\"wp-block-image size-thumbnail\"><img loading=\"lazy\" width=\"150\" height=\"150\" src=\"https:\/\/waterbull.si\/wp-content\/uploads\/2024\/08\/IMG_1050-150x150.jpg\" alt=\"\" class=\"wp-image-277\"\/><\/figure>\n\n\n\n<figure class=\"wp-block-image size-thumbnail\"><img loading=\"lazy\" width=\"150\" height=\"150\" src=\"https:\/\/waterbull.si\/wp-content\/uploads\/2024\/08\/IMG_1051-150x150.jpg\" alt=\"\" class=\"wp-image-279\"\/><\/figure>\n\n\n\n<figure class=\"wp-block-image size-thumbnail\"><img loading=\"lazy\" width=\"150\" height=\"150\" src=\"https:\/\/waterbull.si\/wp-content\/uploads\/2024\/08\/IMG_5865-150x150.jpg\" alt=\"\" class=\"wp-image-278\"\/><\/figure>\n<\/figure>\n<\/div>\n<\/div>\n","protected":false},"excerpt":{"rendered":"<p>Protipoplavne vpojne pregrade WaterBull zagotavljajo u\u010dinkovito re\u0161itev za za\u0161\u010dito pred poplavami in po\u0161kodbami, ki jih povzro\u010di voda. Ko pregrade absorbirajo<\/p>\n","protected":false},"author":1,"featured_media":0,"parent":0,"menu_order":0,"comment_status":"closed","ping_status":"closed","template":"","meta":[],"_links":{"self":[{"href":"https:\/\/waterbull.si\/index.php\/wp-json\/wp\/v2\/pages\/227"}],"collection":[{"href":"https:\/\/waterbull.si\/index.php\/wp-json\/wp\/v2\/pages"}],"about":[{"href":"https:\/\/waterbull.si\/index.php\/wp-json\/wp\/v2\/types\/page"}],"author":[{"embeddable":true,"href":"https:\/\/waterbull.si\/index.php\/wp-json\/wp\/v2\/users\/1"}],"replies":[{"embeddable":true,"href":"https:\/\/waterbull.si\/index.php\/wp-json\/wp\/v2\/comments?post=227"}],"version-history":[{"count":9,"href":"https:\/\/waterbull.si\/index.php\/wp-json\/wp\/v2\/pages\/227\/revisions"}],"predecessor-version":[{"id":280,"href":"https:\/\/waterbull.si\/index.php\/wp-json\/wp\/v2\/pages\/227\/revisions\/280"}],"wp:attachment":[{"href":"https:\/\/waterbull.si\/index.php\/wp-json\/wp\/v2\/media?parent=227"}],"curies":[{"name":"wp","href":"https:\/\/api.w.org\/{rel}","templated":true}]}}